{"id":5544,"date":"2020-02-18T19:28:02","date_gmt":"2020-02-19T00:28:02","guid":{"rendered":"https:\/\/red-in.com\/raun\/?page_id=5544"},"modified":"2020-02-18T20:01:30","modified_gmt":"2020-02-19T01:01:30","slug":"noticias","status":"publish","type":"page","link":"https:\/\/red-in.com\/raun\/noticias\/","title":{"rendered":"Noticias"},"content":{"rendered":"\t<div class=\"wpnawfree-plugin news-clearfix \" id=\"wpnw-news-1\">\r\n\r\n\t\t\r\n\t\t\t<div id=\"post-5560\" class=\"news type-news wpnaw-blog-class has-date news-col-3 wpnaw-first\">\r\n\t\t\t\t<div class=\"news-inner-wrap-view news-clearfix \">\r\n\r\n\t\t\t\t\t\t\t\t\t\t<div class=\"news-thumb\">\r\n\t\t\t\t\t\t\t\t\t\t\t\t\t<div class=\"grid-news-thumb\">\r\n\t\t\t\t\t\t\t\t<a href=\"https:\/\/red-in.com\/raun\/news\/nelson-riveros-leal-la-red-llena-un-vacio-en-el-mercado-y-genera-una-propuesta-nueva-interesante-es-una-organizacion-seria-consistente-estructurada-con-respaldo-economico-y-legal\/\"><img loading=\"lazy\" decoding=\"async\" width=\"768\" height=\"510\" src=\"https:\/\/red-in.com\/raun\/wp-content\/uploads\/sites\/33\/2020\/02\/89FYGP-768x510.jpg\" class=\"attachment-medium_large size-medium_large wp-post-image\" alt=\"\" srcset=\"https:\/\/red-in.com\/raun\/wp-content\/uploads\/sites\/33\/2020\/02\/89FYGP-768x510.jpg 768w, https:\/\/red-in.com\/raun\/wp-content\/uploads\/sites\/33\/2020\/02\/89FYGP-151x100.jpg 151w, https:\/\/red-in.com\/raun\/wp-content\/uploads\/sites\/33\/2020\/02\/89FYGP-1280x850.jpg 1280w, https:\/\/red-in.com\/raun\/wp-content\/uploads\/sites\/33\/2020\/02\/89FYGP-600x399.jpg 600w\" sizes=\"auto, (max-width: 768px) 100vw, 768px\" \/><\/a>\r\n\t\t\t\t\t\t\t<\/div>\r\n\t\t\t\t\t\t\t\t\t\t\t<\/div>\r\n\t\t\t\t\t\r\n\t\t\t\t\t<div class=\"news-content\">\r\n\t\t\t\t\t\t\t\t\t\t\t\t\t<div class=\"grid-date-post\">\r\n\t\t\t\t\t\t\t\t19 febrero, 2020\t\t\t\t\t\t\t<\/div>\r\n\t\t\t\t\t\t\r\n\t\t\t\t\t\t<div class=\"post-content-text\">\r\n\t\t\t\t\t\t\t<h3 class=\"news-title\"><a href=\"https:\/\/red-in.com\/raun\/news\/nelson-riveros-leal-la-red-llena-un-vacio-en-el-mercado-y-genera-una-propuesta-nueva-interesante-es-una-organizacion-seria-consistente-estructurada-con-respaldo-economico-y-legal\/\" rel=\"bookmark\">Nelson Riveros Leal: La red llena un vac\u00edo en el mercado colombiano y genera una propuesta nueva e interesante. Es una organizaci\u00f3n seria, consistente, estructurada, con respaldo econ\u00f3mico y legal.<\/a><\/h3>\t\t\t\t\t\t\t\t<div class=\"news-content-excerpt\">\r\n\t\t\t\t\t\t\t\t\t\t\t\t\t\t\t\t\t\t\t<div class=\"news-short-content\">\r\n\t\t\t\t\t\t\t\t\t\t\t&nbsp; ENTREVISTA A NELSON RIVEROS LEAL, DIRECTOR DE LA RED COLOMBIANA DE NEGOCIOS 15 de febrero de 2020 Nelson Riveros Leal, director de la Red Colombiana de Negocios, habla sobre...\t\t\t\t\t\t\t\t\t\t<\/div>\r\n\t\t\t\t\t\t\t\t\t\t<a href=\"https:\/\/red-in.com\/raun\/news\/nelson-riveros-leal-la-red-llena-un-vacio-en-el-mercado-y-genera-una-propuesta-nueva-interesante-es-una-organizacion-seria-consistente-estructurada-con-respaldo-economico-y-legal\/\" class=\"news-more-link\">Lea m\u00e1s<\/a>\r\n\t\t\t\t\t\t\t\t\t\t\t\t\t\t\t\t\t<\/div><!-- .entry-content -->\r\n\t\t\t\t\t\t\t\t\t\t\t\t\t<\/div>\r\n\t\t\t\t\t<\/div>\r\n\t\t\t\t<\/div><!-- #post-## -->\r\n\t\t\t<\/div><!-- #post-## -->\r\n\t\t\t<\/div>\r\n\r\n\t\n","protected":false},"excerpt":{"rendered":"","protected":false},"author":1,"featured_media":0,"parent":0,"menu_order":0,"comment_status":"closed","ping_status":"closed","template":"templates\/lista-news.php","meta":{"_acf_changed":false,"footnotes":""},"class_list":["post-5544","page","type-page","status-publish","hentry"],"acf":[],"_links":{"self":[{"href":"https:\/\/red-in.com\/raun\/wp-json\/wp\/v2\/pages\/5544","targetHints":{"allow":["GET"]}}],"collection":[{"href":"https:\/\/red-in.com\/raun\/wp-json\/wp\/v2\/pages"}],"about":[{"href":"https:\/\/red-in.com\/raun\/wp-json\/wp\/v2\/types\/page"}],"author":[{"embeddable":true,"href":"https:\/\/red-in.com\/raun\/wp-json\/wp\/v2\/users\/1"}],"replies":[{"embeddable":true,"href":"https:\/\/red-in.com\/raun\/wp-json\/wp\/v2\/comments?post=5544"}],"version-history":[{"count":2,"href":"https:\/\/red-in.com\/raun\/wp-json\/wp\/v2\/pages\/5544\/revisions"}],"predecessor-version":[{"id":5546,"href":"https:\/\/red-in.com\/raun\/wp-json\/wp\/v2\/pages\/5544\/revisions\/5546"}],"wp:attachment":[{"href":"https:\/\/red-in.com\/raun\/wp-json\/wp\/v2\/media?parent=5544"}],"curies":[{"name":"wp","href":"https:\/\/api.w.org\/{rel}","templated":true}]}}

<div class="wpnawfree-plugin news-clearfix " id="wpnw-news-1">

		
			<div id="post-5560" class="news type-news wpnaw-blog-class has-date news-col-3 wpnaw-first">
				<div class="news-inner-wrap-view news-clearfix ">

										<div class="news-thumb">
													<div class="grid-news-thumb">
								<a href="https://red-in.com/raun/news/nelson-riveros-leal-la-red-llena-un-vacio-en-el-mercado-y-genera-una-propuesta-nueva-interesante-es-una-organizacion-seria-consistente-estructurada-con-respaldo-economico-y-legal/"><img loading="lazy" decoding="async" width="768" height="510" src="https://red-in.com/raun/wp-content/uploads/sites/33/2020/02/89FYGP-768x510.jpg" class="attachment-medium_large size-medium_large wp-post-image" alt="" srcset="https://red-in.com/raun/wp-content/uploads/sites/33/2020/02/89FYGP-768x510.jpg 768w, https://red-in.com/raun/wp-content/uploads/sites/33/2020/02/89FYGP-151x100.jpg 151w, https://red-in.com/raun/wp-content/uploads/sites/33/2020/02/89FYGP-1280x850.jpg 1280w, https://red-in.com/raun/wp-content/uploads/sites/33/2020/02/89FYGP-600x399.jpg 600w" sizes="auto, (max-width: 768px) 100vw, 768px" /></a>
							</div>
											</div>
					
					<div class="news-content">
													<div class="grid-date-post">
								19 febrero, 2020							</div>
						
						<div class="post-content-text">
							<h3 class="news-title"><a href="https://red-in.com/raun/news/nelson-riveros-leal-la-red-llena-un-vacio-en-el-mercado-y-genera-una-propuesta-nueva-interesante-es-una-organizacion-seria-consistente-estructurada-con-respaldo-economico-y-legal/" rel="bookmark">Nelson Riveros Leal: La red llena un vacío en el mercado colombiano y genera una propuesta nueva e interesante. Es una organización seria, consistente, estructurada, con respaldo económico y legal.</a></h3>								<div class="news-content-excerpt">
																			<div class="news-short-content">
											&nbsp; ENTREVISTA A NELSON RIVEROS LEAL, DIRECTOR DE LA RED COLOMBIANA DE NEGOCIOS 15 de febrero de 2020 Nelson Riveros Leal, director de la Red Colombiana de Negocios, habla sobre...										</div>
										<a href="https://red-in.com/raun/news/nelson-riveros-leal-la-red-llena-un-vacio-en-el-mercado-y-genera-una-propuesta-nueva-interesante-es-una-organizacion-seria-consistente-estructurada-con-respaldo-economico-y-legal/" class="news-more-link">Lea más</a>
																	</div><!-- .entry-content -->
													</div>
					</div>
				</div><!-- #post-## -->
			</div><!-- #post-## -->
			</div>
